mmon divisor of f and u.
61
Let v(b) = -3*b**3 + 22*b**2 + 56*b - 27. Let a be v(9). Calculate the highest common factor of 207 and a.
9
Suppose -3*l = -2*l. Suppose 9*y - 14*y + 10 = l. Suppose -2*t = 3*t + y*r - 65, -5*t - 3*r + 70 = 0. Calculate the highest common divisor of 99 and t.
11
Suppose 2*o - 23544 = -w, 51*w - 53*w - 58869 = -5*o. What is the highest common factor of 122 and o?
61
Let q(f) = 19 - 17 - 2*f + 5*f + 3*f. Let p be q(5). What is the highest common divisor of p and 32?
32
Suppose 169*n + 108955 = 180*n. Calculate the greatest common factor of 35 and n.
35
Let v(f) = 4*f + 33. Let w be v(0). Let s = 106 + -40. Calculate the greatest common factor of w and s.
33
Let y = 179 + -198. Let a = 64 + y. Calculate the highest common divisor of a and 9.
9
Let d = -1189 - -1191. Let q = 7 + -3. Suppose m = 2*i + 37, q*m - d*i = -0*i + 142. What is the greatest common divisor of 245 and m?
35
Suppose -p = 4*s - 472, p - 462 = 13*s - 16*s. Let d be (2 - 1)*-6*-1. What is the highest common divisor of d and p?
6
Suppose 0*i + 3*i - 78 = 0. Suppose 12*n + i = 14*n. Suppose 0 = 3*v - 9*g - 75, v - 3*v + 4*g = -42. What is the highest common factor of v and n?
13
Let v = 2899 + -2600. Calculate the greatest common divisor of 26 and v.
13
Let c(o) = -19*o + 1140. Let b be c(59). Calculate the greatest common divisor of b and 8170.
19
Let u = 2277 + -2269. What is the greatest common factor of 94 and u?
2
Suppose -22*t - 18*t + 10*t = -900. Calculate the greatest common divisor of 695 and t.
5
Let q = -7451 - -7515. Suppose -124 = -5*u + 36. Calculate the highest common divisor of u and q.
32
Suppose 4*y = -2*j + 2952, 2*j - 5*y - 1590 - 1344 = 0. What is the highest common factor of 46 and j?
46
Let v be (28/(-6))/(1/(-6)). Suppose -102*n = 57*n - 75*n - 16464. Calculate the highest common factor of v and n.
28
Suppose 6 = 3*y, 2*g + 4*y = 3*g - 166. Suppose 5*u - g - 96 = 0. Suppose -2*o = 2*v - 92, -o = 2*v - u - 33. Calculate the highest common divisor of 328 and v.
41
Let n be (3/9)/((-7)/17325*-25). Calculate the highest common divisor of 1375 and n.
11
Let m be (-1)/3 + (-688)/(-12). Let u = 11489 + -11394. Calculate the greatest common factor of m and u.
19
Suppose 12*c = 14*c - 4. Suppose 4*t - 124 = -5*q, 0 = 3*q + q - c*t - 120. Let g be (-589)/(-3) - 3/9. Calculate the greatest common factor of q and g.
28
Let f = -43 - -62. Let j = -420 - -895. Calculate the greatest common factor of j and f.
19
Let w(l) = 19*l**3 + 4*l**2 - 33*l + 59. Let a be w(2). Calculate the highest common factor of 759 and a.
23
Suppose 1100 = 8*x - 460. Let v = x - 190. What is the highest common divisor of 170 and v?
5
Let y be (-4)/6*(-66 - 12). Let l = -204 + 360. What is the greatest common divisor of y and l?
52
Suppose -42 = -2*z + 5*q, 0 = 4*z - q - 41 - 25. Let d = 23 - z. Suppose -d*b + 1904 = 266. What is the highest common factor of 26 and b?
26
Let y = 5690 + -4502. Calculate the highest common divisor of 165 and y.
33
Suppose 0 = 4035*d - 4016*d - 6365. Calculate the greatest common divisor of d and 35.
5
Let g(i) = 4*i**3 - 20*i**2 + 3*i + 9. Let a be g(5). Suppose -1563 + 2107 = 8*p. What is the highest common divisor of a and p?
4
Suppose -44 = -4*s + 2*s. Suppose 0 = -3*q - 75 + 27. Let d = q + s. Calculate the highest common factor of d and 66.
6
Let t = 4319 - 4317. Let x(c) = -29*c + 4. Let v(y) = 28*y - 3. Let i(k) = 4*v(k) + 3*x(k). Let n be i(t). Calculate the highest common factor of 20 and n.
10
Let b = 5035 - 4253. Calculate the greatest common factor of 238 and b.
34
Suppose 5*b + 9*b + 28*b = 37926. Calculate the greatest common divisor of 14 and b.
7
Suppose 4*s + 75 = 91, 4*s = 3*n - 3872. What is the greatest common factor of n and 80?
16
Suppose -2*l - 76 = 2*r, 0 = 4*l + 5*r - 4*r + 152. Let y = 52 + l. What is the highest common divisor of y and 378?
14
Let v be ((-4)/(832/(-78)))/((-2)/(-304)). What is the greatest common factor of 69 and v?
3
Suppose 5*j - 31092 = 2*g, -48*j + 43*j - g = -31074. What is the greatest common factor of j and 48?
24
Suppose 0 = a - 5. Suppose -k = a*r - 2*k - 298, -3*r + 178 = -k. Suppose -334*x = -318*x - 640. Calculate the greatest common factor of x and r.
20
Let i(w) = -w**2 - 89*w - 1563. Let m be i(-56). Calculate the highest common factor of m and 627.
57
Let l = 17768 + -17758. Calculate the highest common divisor of 7290 and l.
10
Suppose -1355*s + 34425 = -1220*s. Calculate the greatest common factor of s and 315.
15
Suppose -424*n + 36475 + 33485 = 0. Calculate the highest common divisor of n and 1023.
33
Let h = -45 - -49. Suppose -4*q = -s + 92, h*q - 491 = -5*s - 55. Let z = -40 + s. What is the highest common factor of 12 and z?
12
Let d(f) = f**3 - 4*f**2 + 6*f - 6. Let w be d(4). Suppose -3*s = -9*s + w. Let z be s*1/(-6) + 289/2. Calculate the greatest common factor of 16 and z.
16
Let x(f) = -f. Let o be x(-5). Suppose -3*u + 15 = -o*z - 25, 5*u + 4*z = 5. Suppose -u*w - 5*w = -120. Calculate the greatest common factor of w and 96.
12
Let o = -236 - -240. Suppose h = -5*n + o + 4, 5*n - 4*h - 18 = 0. What is the highest common factor of n and 22?
2
Suppose -42 = -b + 55. Suppose -2*q + 161 = u - b, 3*u - 384 = -3*q. Calculate the greatest common factor of 40 and q.
10
Suppose -c - 2*x - 6 = -0*c, -c = -x + 3. Let g be -4 + (-4 - ((-636)/3 + c)). Calculate the highest common divisor of 32 and g.
16
Suppose -1 = -x - 3, -64 = -3*h + 2*x. Let q = 833 - 573. What is the greatest common divisor of h and q?
20
Let h be (-24)/18 + (-126032)/(-24). Let w be h/200 - (-2)/(-8). Calculate the greatest common divisor of 416 and w.
26
Let l(c) = -4*c - 8. Let w be l(-11). Let m = -33 + 1. Let i be (m/10 - -2 - 0)*-60. What is the greatest common factor of w and i?
36
Suppose -74 = 10*z + 56. Let t = z - -31. What is the greatest common divisor of t and 54?
18
Let c be 6*2/10*(-67)/(335/(-50)). Calculate the highest common factor of 116 and c.
4
Let c = 73635 - 73347. Suppose -3*s = -s - 108. Calculate the highest common factor of c and s.
18
Let m be 51 - 6*3/18. Let t be 5*(-30)/m*-57. What is the greatest common factor of t and 9?
9
Suppose -546*q + 549*q = -15, -3*q - 85308 = -3*h. What is the highest common divisor of h and 234?
117
Suppose 72 + 43 = 5*w. Let v be 10/15*6/(-4). Let t = w - v. Calculate the highest common factor of t and 8.
8
Suppose -44 = 14*q - 72. Suppose q*u = b + b + 36, 3*b = -3*u + 48. Calculate the greatest common divisor of u and 85.
17
Suppose 9*o - 173 = -11. Suppose 15 = -3*u, -2*u - o = -3*q + 25. What is the greatest common factor of 3 and q?
1
Suppose -r - 4*r = -5*t + 255, -t - 4*r = -36. Let b be (-18)/(-168)*140/5. Calculate the greatest common factor of t and b.
3
Suppose 0 = -3*w, 3*y = 4*w + 6 + 6. Suppose -20 = y*m, -4*m + 94 = 4*d - 2*m. What is the highest common factor of 117 and d?
13
Let f = 54 - -84. Let x = 196 - f. What is the greatest common factor of 174 and x?
58
Let k be 11 + -3*2/3. Suppose -5*h = 4*c - 19, k*c - 4*c = 3*h + 33. Let l = 69 + -39. Calculate the highest common divisor of l and c.
6
Suppose 0 = 54*j - 104*j + 68*j - 9612. Calculate the greatest common divisor of 300 and j.
6
Suppose d + r = 29, d + 0 - 29 = 4*r. Let p = d + 19. Suppose c + 22 = -5*s, 2*s - s + 14 = 3*c. What is the greatest common divisor of c and p?
3
Let h = 800 - 805. Let s(k) be the third derivative of -7*k**4/24 - 7*k**3/6 - k**2. Let q be s(h). Calculate the highest common divisor of q and 196.
28
Suppose -1879130 = 308*u - 418*u. What is the greatest common divisor of u and 11?
11
Let p be (9/27)/(390/(-387) + 1). Let r = -24 - p. Suppose g = -3*f + 2*f + 20, 2*g = 2. What is the highest common factor of f and r?
19
Let s(i) be the third derivative of i**5/60 + 19*i**4/24 - 83*i**3/6 - 35*i**2. Let x be s(-23). Calculate the highest common factor of 1071 and x.
9
Let w be 733/((8/(-88))/(54/66*-2)). What is the highest common factor of 18 and w?
18
Let z be 5 + 156/(-30) + (-1)/(-5). Suppose 4*f - 5*f - 4 = z, 0 = 3*a + 3*f - 195. What is the highest common factor of 759 and a?
69
Suppose -12*u + 67*u - 399503 = -102008. What is the highest common divisor of u and 9?
9
Let c(v) = -3*v**2 + 9*v - 1. Let z be c(3). Let f be ((-2)/z)/(-3